{"id":1835,"date":"2019-01-23T06:31:31","date_gmt":"2019-01-23T06:31:31","guid":{"rendered":"https:\/\/mibarbacha.com\/index.php\/about-us\/"},"modified":"2023-06-14T22:14:39","modified_gmt":"2023-06-14T22:14:39","slug":"about-us","status":"publish","type":"page","link":"https:\/\/mibarbacha.com\/index.php\/about-us\/","title":{"rendered":"About Us"},"content":{"rendered":"\t\t<div data-elementor-type=\"wp-post\" data-elementor-id=\"1835\" class=\"elementor elementor-1835\">\n\t\t\t\t\t\t\t\t\t<section class=\"elementor-section elementor-top-section elementor-element elementor-element-6ccdc95 elementor-section-content-middle elementor-section-boxed elementor-section-height-default elementor-section-height-default\" data-id=\"6ccdc95\" data-element_type=\"section\" data-settings=\"{&quot;background_background&quot;:&quot;classic&quot;}\">\n\t\t\t\t\t\t\t<div class=\"elementor-background-overlay\"><\/div>\n\t\t\t\t\t\t\t<div class=\"elementor-container elementor-column-gap-no\">\n\t\t\t\t\t<div class=\"elementor-column elementor-col-100 elementor-top-column elementor-element elementor-element-4f6adc0\" data-id=\"4f6adc0\" data-element_type=\"column\">\n\t\t\t<div class=\"elementor-widget-wrap elementor-element-populated\">\n\t\t\t\t\t\t\t\t<div class=\"elementor-element elementor-element-179c706 elementor-widget elementor-widget-heading\" data-id=\"179c706\" data-element_type=\"widget\" data-widget_type=\"heading.default\">\n\t\t\t\t<div class=\"elementor-widget-container\">\n\t\t\t<style>\/*! elementor - v3.13.3 - 28-05-2023 *\/\n.elementor-heading-title{padding:0;margin:0;line-height:1}.elementor-widget-heading .elementor-heading-title[class*=elementor-size-]>a{color:inherit;font-size:inherit;line-height:inherit}.elementor-widget-heading .elementor-heading-title.elementor-size-small{font-size:15px}.elementor-widget-heading .elementor-heading-title.elementor-size-medium{font-size:19px}.elementor-widget-heading .elementor-heading-title.elementor-size-large{font-size:29px}.elementor-widget-heading .elementor-heading-title.elementor-size-xl{font-size:39px}.elementor-widget-heading .elementor-heading-title.elementor-size-xxl{font-size:59px}<\/style><h1 class=\"elementor-heading-title elementor-size-default\">\u00bfQuienes Somos?<\/h1>\t\t<\/div>\n\t\t\t\t<\/div>\n\t\t\t\t\t<\/div>\n\t\t<\/div>\n\t\t\t\t\t\t\t<\/div>\n\t\t<\/section>\n\t\t\t\t<section class=\"elementor-section elementor-top-section elementor-element elementor-element-4a5d220 elementor-section-boxed elementor-section-height-default elementor-section-height-default\" data-id=\"4a5d220\" data-element_type=\"section\">\n\t\t\t\t\t\t<div class=\"elementor-container elementor-column-gap-no\">\n\t\t\t\t\t<div class=\"elementor-column elementor-col-33 elementor-top-column elementor-element elementor-element-737ec4c\" data-id=\"737ec4c\" data-element_type=\"column\">\n\t\t\t<div class=\"elementor-widget-wrap elementor-element-populated\">\n\t\t\t\t\t\t\t\t<div class=\"elementor-element elementor-element-efb0e9a elementor-widget elementor-widget-heading\" data-id=\"efb0e9a\" data-element_type=\"widget\" data-widget_type=\"heading.default\">\n\t\t\t\t<div class=\"elementor-widget-container\">\n\t\t\t<h3 class=\"elementor-heading-title elementor-size-default\">Nosotros<\/h3>\t\t<\/div>\n\t\t\t\t<\/div>\n\t\t\t\t\t<\/div>\n\t\t<\/div>\n\t\t\t\t<div class=\"elementor-column elementor-col-66 elementor-top-column elementor-element elementor-element-e6bc9af\" data-id=\"e6bc9af\" data-element_type=\"column\">\n\t\t\t<div class=\"elementor-widget-wrap elementor-element-populated\">\n\t\t\t\t\t\t\t\t<div class=\"elementor-element elementor-element-8bf9f70 elementor-widget elementor-widget-text-editor\" data-id=\"8bf9f70\" data-element_type=\"widget\" data-widget_type=\"text-editor.default\">\n\t\t\t\t<div class=\"elementor-widget-container\">\n\t\t\t<style>\/*! elementor - v3.13.3 - 28-05-2023 *\/\n.elementor-widget-text-editor.elementor-drop-cap-view-stacked .elementor-drop-cap{background-color:#69727d;color:#fff}.elementor-widget-text-editor.elementor-drop-cap-view-framed .elementor-drop-cap{color:#69727d;border:3px solid;background-color:transparent}.elementor-widget-text-editor:not(.elementor-drop-cap-view-default) .elementor-drop-cap{margin-top:8px}.elementor-widget-text-editor:not(.elementor-drop-cap-view-default) .elementor-drop-cap-letter{width:1em;height:1em}.elementor-widget-text-editor .elementor-drop-cap{float:left;text-align:center;line-height:1;font-size:50px}.elementor-widget-text-editor .elementor-drop-cap-letter{display:inline-block}<\/style>\t\t\t\t<p>En Mi Barbacha, nos apasiona llevar la experiencia de la barbacoa directamente a la comodidad de tu hogar. Somos una empresa dedicada a ofrecer un servicio de barbacoa a domicilio de alta calidad, donde nuestra misi\u00f3n es deleitar a nuestros clientes con sabores irresistibles y una atenci\u00f3n excepcional.<\/p>\t\t\t\t\t\t<\/div>\n\t\t\t\t<\/div>\n\t\t\t\t\t<\/div>\n\t\t<\/div>\n\t\t\t\t\t\t\t<\/div>\n\t\t<\/section>\n\t\t\t\t<section class=\"elementor-section elementor-top-section elementor-element elementor-element-a400379 elementor-section-content-middle elementor-section-boxed elementor-section-height-default elementor-section-height-default\" data-id=\"a400379\" data-element_type=\"section\" data-settings=\"{&quot;background_background&quot;:&quot;classic&quot;}\">\n\t\t\t\t\t\t<div class=\"elementor-container elementor-column-gap-no\">\n\t\t\t\t\t<div class=\"elementor-column elementor-col-100 elementor-top-column elementor-element elementor-element-c9222c3\" data-id=\"c9222c3\" data-element_type=\"column\">\n\t\t\t<div class=\"elementor-widget-wrap elementor-element-populated\">\n\t\t\t\t\t\t\t\t<div class=\"elementor-element elementor-element-7e489a2 elementor-widget elementor-widget-heading\" data-id=\"7e489a2\" data-element_type=\"widget\" data-widget_type=\"heading.default\">\n\t\t\t\t<div class=\"elementor-widget-container\">\n\t\t\t<h2 class=\"elementor-heading-title elementor-size-default\">\u00bfQuienes Somos?<\/h2>\t\t<\/div>\n\t\t\t\t<\/div>\n\t\t\t\t<div class=\"elementor-element elementor-element-b2657e0 elementor-widget elementor-widget-text-editor\" data-id=\"b2657e0\" data-element_type=\"widget\" data-widget_type=\"text-editor.default\">\n\t\t\t\t<div class=\"elementor-widget-container\">\n\t\t\t\t\t\t\t<p>En cada uno de nuestros pedidos, nos esforzamos por brindar una experiencia \u00fanica y memorable. Nuestro equipo de expertos parrilleros se encarga de seleccionar los mejores ingredientes y utilizar t\u00e9cnicas tradicionales para crear platos que despiertan los sentidos y hacen que cada bocado sea inolvidable.<\/p>\t\t\t\t\t\t<\/div>\n\t\t\t\t<\/div>\n\t\t\t\t<div class=\"elementor-element elementor-element-beeacce elementor-widget elementor-widget-image\" data-id=\"beeacce\" data-element_type=\"widget\" data-widget_type=\"image.default\">\n\t\t\t\t<div class=\"elementor-widget-container\">\n\t\t\t<style>\/*! elementor - v3.13.3 - 28-05-2023 *\/\n.elementor-widget-image{text-align:center}.elementor-widget-image a{display:inline-block}.elementor-widget-image a img[src$=\".svg\"]{width:48px}.elementor-widget-image img{vertical-align:middle;display:inline-block}<\/style>\t\t\t\t\t\t\t\t\t\t\t\t<img decoding=\"async\" width=\"1200\" height=\"672\" src=\"https:\/\/mibarbacha.com\/wp-content\/uploads\/2023\/06\/como-hacer-barbacoa-de-res.jpg\" class=\"attachment-full size-full wp-image-1865\" alt=\"\" loading=\"lazy\" srcset=\"https:\/\/mibarbacha.com\/wp-content\/uploads\/2023\/06\/como-hacer-barbacoa-de-res.jpg 1200w, https:\/\/mibarbacha.com\/wp-content\/uploads\/2023\/06\/como-hacer-barbacoa-de-res-300x168.jpg 300w, https:\/\/mibarbacha.com\/wp-content\/uploads\/2023\/06\/como-hacer-barbacoa-de-res-1024x573.jpg 1024w, https:\/\/mibarbacha.com\/wp-content\/uploads\/2023\/06\/como-hacer-barbacoa-de-res-768x430.jpg 768w, https:\/\/mibarbacha.com\/wp-content\/uploads\/2023\/06\/como-hacer-barbacoa-de-res-600x336.jpg 600w\" sizes=\"(max-width: 1200px) 100vw, 1200px\" \/>\t\t\t\t\t\t\t\t\t\t\t\t\t\t\t<\/div>\n\t\t\t\t<\/div>\n\t\t\t\t<section class=\"elementor-section elementor-inner-section elementor-element elementor-element-973f7e8 elementor-section-boxed elementor-section-height-default elementor-section-height-default\" data-id=\"973f7e8\" data-element_type=\"section\">\n\t\t\t\t\t\t<div class=\"elementor-container elementor-column-gap-default\">\n\t\t\t\t\t<div class=\"elementor-column elementor-col-50 elementor-inner-column elementor-element elementor-element-c402c0f\" data-id=\"c402c0f\" data-element_type=\"column\">\n\t\t\t<div class=\"elementor-widget-wrap elementor-element-populated\">\n\t\t\t\t\t\t\t\t<div class=\"elementor-element elementor-element-b2e210e elementor-widget elementor-widget-heading\" data-id=\"b2e210e\" data-element_type=\"widget\" data-widget_type=\"heading.default\">\n\t\t\t\t<div class=\"elementor-widget-container\">\n\t\t\t<h2 class=\"elementor-heading-title elementor-size-default\">Mision<\/h2>\t\t<\/div>\n\t\t\t\t<\/div>\n\t\t\t\t<div class=\"elementor-element elementor-element-f9ceca8 elementor-widget elementor-widget-text-editor\" data-id=\"f9ceca8\" data-element_type=\"widget\" data-widget_type=\"text-editor.default\">\n\t\t\t\t<div class=\"elementor-widget-container\">\n\t\t\t\t\t\t\t<p>En Mi Barbacha, nuestra misi\u00f3n es brindar a nuestros clientes una experiencia excepcional de barbacoa a domicilio. Nos esforzamos por superar las expectativas de nuestros clientes en cada entrega, ofreciendo sabores aut\u00e9nticos, ingredientes de calidad y un servicio impecable.<\/p><p>Nuestro objetivo es convertir cada comida en un momento especial y memorable para nuestros clientes. Queremos que disfruten de la comodidad de tener una barbacoa deliciosa en su propio hogar, sin comprometer la calidad ni el sabor. Creemos en el poder de la comida para unir a las personas, crear momentos de alegr\u00eda y dejar recuerdos duraderos.<\/p><p>Para cumplir con nuestra misi\u00f3n, nos comprometemos a:<\/p><ol><li><p>Calidad excepcional: Seleccionamos cuidadosamente los mejores ingredientes y utilizamos t\u00e9cnicas tradicionales para garantizar un sabor aut\u00e9ntico en cada bocado. Nos esforzamos por superar las expectativas de nuestros clientes en t\u00e9rminos de calidad y frescura.<\/p><\/li><li><p>Atenci\u00f3n al cliente: Valoramos a cada cliente y nos esforzamos por brindar un servicio amable, eficiente y personalizado. Escuchamos sus necesidades y nos adaptamos para satisfacer sus preferencias, asegurando una experiencia de barbacoa a domicilio excepcional en cada ocasi\u00f3n.<\/p><\/li><li><p>Innovaci\u00f3n continua: Nos mantenemos actualizados con las \u00faltimas tendencias y t\u00e9cnicas en el mundo de la barbacoa. Buscamos constantemente formas de mejorar y agregar nuevas opciones al men\u00fa para sorprender y deleitar a nuestros clientes con opciones innovadoras y deliciosas.<\/p><\/li><li><p>Responsabilidad y sostenibilidad: Nos preocupamos por el medio ambiente y nos esforzamos por minimizar nuestro impacto. Trabajamos con proveedores responsables y utilizamos pr\u00e1cticas sostenibles en nuestras operaciones para contribuir a un futuro mejor.<\/p><\/li><\/ol><p>En Mi Barbacha, nos enorgullece llevar la pasi\u00f3n por la barbacoa directamente a los hogares de nuestros clientes, ofreciendo una experiencia culinaria excepcional y momentos de felicidad compartidos alrededor de la mesa. Nuestra misi\u00f3n es hacer que cada pedido de barbacoa a domicilio sea una experiencia inolvidable y sabrosa para nuestros clientes.<\/p>\t\t\t\t\t\t<\/div>\n\t\t\t\t<\/div>\n\t\t\t\t\t<\/div>\n\t\t<\/div>\n\t\t\t\t<div class=\"elementor-column elementor-col-50 elementor-inner-column elementor-element elementor-element-5e2fed4\" data-id=\"5e2fed4\" data-element_type=\"column\">\n\t\t\t<div class=\"elementor-widget-wrap elementor-element-populated\">\n\t\t\t\t\t\t\t\t<div class=\"elementor-element elementor-element-be7e612 elementor-widget elementor-widget-heading\" data-id=\"be7e612\" data-element_type=\"widget\" data-widget_type=\"heading.default\">\n\t\t\t\t<div class=\"elementor-widget-container\">\n\t\t\t<h2 class=\"elementor-heading-title elementor-size-default\">Vision<\/h2>\t\t<\/div>\n\t\t\t\t<\/div>\n\t\t\t\t<div class=\"elementor-element elementor-element-20829c1 elementor-widget elementor-widget-text-editor\" data-id=\"20829c1\" data-element_type=\"widget\" data-widget_type=\"text-editor.default\">\n\t\t\t\t<div class=\"elementor-widget-container\">\n\t\t\t\t\t\t\t<p>Nuestra visi\u00f3n en Mi Barbacha es convertirnos en el referente l\u00edder en el servicio de barbacoa a domicilio, reconocidos por nuestra calidad excepcional, innovaci\u00f3n constante y atenci\u00f3n al cliente sobresaliente.<\/p><p>Buscamos ser la primera opci\u00f3n para aquellos que desean disfrutar de una aut\u00e9ntica experiencia de barbacoa en la comodidad de su hogar. Queremos que nuestra marca sea sin\u00f3nimo de sabores irresistibles, ingredientes de primera calidad y un servicio impecable.<\/p><p>Para lograr nuestra visi\u00f3n, nos comprometemos a:<\/p><ol><li><p>Excelencia culinaria: Nos esforzamos por perfeccionar nuestras t\u00e9cnicas de parrilla, explorar nuevos sabores y crear platos \u00fanicos que deleiten a nuestros clientes. Queremos ser reconocidos como expertos en la preparaci\u00f3n de barbacoa, superando constantemente las expectativas gastron\u00f3micas.<\/p><\/li><li><p>Innovaci\u00f3n continua: Nos mantenemos a la vanguardia de las \u00faltimas tendencias y t\u00e9cnicas en la industria de la barbacoa. Buscamos constantemente nuevas formas de sorprender a nuestros clientes con creaciones innovadoras, incorporando ingredientes frescos y fusiones de sabores que marquen la diferencia.<\/p><\/li><li><p>Crecimiento sostenible: Buscamos expandir nuestra presencia de manera responsable, manteniendo siempre la calidad y la satisfacci\u00f3n del cliente como nuestra prioridad. Buscamos establecer alianzas estrat\u00e9gicas y llegar a nuevas ubicaciones, garantizando que m\u00e1s personas puedan disfrutar de nuestra barbacoa a domicilio en diferentes regiones.<\/p><\/li><li><p>Fidelidad del cliente: Nos esforzamos por construir relaciones duraderas con nuestros clientes, brindando un servicio personalizado y atenci\u00f3n al detalle en cada interacci\u00f3n. Queremos que nuestros clientes conf\u00eden en nosotros como su opci\u00f3n preferida de barbacoa a domicilio y se conviertan en nuestros embajadores, recomend\u00e1ndonos a sus amigos y familiares.<\/p><\/li><li><p>Impacto positivo: Nos preocupamos por nuestra comunidad y el entorno en el que operamos. Buscamos ser una empresa socialmente responsable, apoyando iniciativas locales, minimizando nuestro impacto ambiental y promoviendo pr\u00e1cticas sostenibles en todas nuestras operaciones.<\/p><\/li><\/ol><p>En Mi Barbacha, visualizamos un futuro en el que nuestra marca sea sin\u00f3nimo de la mejor barbacoa a domicilio, con clientes satisfechos y felices que disfruten de momentos de deleite culinario en sus propios hogares. Estamos comprometidos con nuestra visi\u00f3n y trabajamos arduamente para hacerla realidad cada d\u00eda.<\/p>\t\t\t\t\t\t<\/div>\n\t\t\t\t<\/div>\n\t\t\t\t\t<\/div>\n\t\t<\/div>\n\t\t\t\t\t\t\t<\/div>\n\t\t<\/section>\n\t\t\t\t\t<\/div>\n\t\t<\/div>\n\t\t\t\t\t\t\t<\/div>\n\t\t<\/section>\n\t\t\t\t<section class=\"elementor-section elementor-top-section elementor-element elementor-element-dc6a4e3 elementor-section-boxed elementor-section-height-default elementor-section-height-default\" data-id=\"dc6a4e3\" data-element_type=\"section\" data-settings=\"{&quot;background_background&quot;:&quot;classic&quot;}\">\n\t\t\t\t\t\t<div class=\"elementor-container elementor-column-gap-no\">\n\t\t\t\t\t<div class=\"elementor-column elementor-col-100 elementor-top-column elementor-element elementor-element-0e2a233\" data-id=\"0e2a233\" data-element_type=\"column\">\n\t\t\t<div class=\"elementor-widget-wrap elementor-element-populated\">\n\t\t\t\t\t\t\t\t<div class=\"elementor-element elementor-element-e075a06 elementor-widget elementor-widget-heading\" data-id=\"e075a06\" data-element_type=\"widget\" data-widget_type=\"heading.default\">\n\t\t\t\t<div class=\"elementor-widget-container\">\n\t\t\t<h2 class=\"elementor-heading-title elementor-size-default\">Mi Barbacha<\/h2>\t\t<\/div>\n\t\t\t\t<\/div>\n\t\t\t\t<div class=\"elementor-element elementor-element-863954d elementor-widget elementor-widget-text-editor\" data-id=\"863954d\" data-element_type=\"widget\" data-widget_type=\"text-editor.default\">\n\t\t\t\t<div class=\"elementor-widget-container\">\n\t\t\t\t\t\t\t<p>&#8220;La mejor barbacoa ahora al alcance de tu puerta: Sabor sin salir de casa.&#8221;<\/p>\t\t\t\t\t\t<\/div>\n\t\t\t\t<\/div>\n\t\t\t\t<div class=\"elementor-element elementor-element-f5c8852 elementor-mobile-align-center elementor-align-center elementor-widget elementor-widget-button\" data-id=\"f5c8852\" data-element_type=\"widget\" data-widget_type=\"button.default\">\n\t\t\t\t<div class=\"elementor-widget-container\">\n\t\t\t\t\t<div class=\"elementor-button-wrapper\">\n\t\t\t<a href=\"#\" class=\"elementor-button-link elementor-button elementor-size-md\" role=\"button\">\n\t\t\t\t\t\t<span class=\"elementor-button-content-wrapper\">\n\t\t\t\t\t\t<span class=\"elementor-button-text\">Comprar Ahora<\/span>\n\t\t<\/span>\n\t\t\t\t\t<\/a>\n\t\t<\/div>\n\t\t\t\t<\/div>\n\t\t\t\t<\/div>\n\t\t\t\t\t<\/div>\n\t\t<\/div>\n\t\t\t\t\t\t\t<\/div>\n\t\t<\/section>\n\t\t\t\t\t\t\t<\/div>\n\t\t","protected":false},"excerpt":{"rendered":"<p>\u00bfQuienes Somos? Nosotros En Mi Barbacha, nos apasiona llevar la experiencia de la barbacoa directamente a la comodidad de tu hogar. Somos una empresa dedicada a ofrecer un servicio de barbacoa a domicilio de alta calidad, donde nuestra misi\u00f3n es deleitar a nuestros clientes con sabores irresistibles y una atenci\u00f3n excepcional. \u00bfQuienes Somos? En cada &hellip;<\/p>\n<p class=\"read-more\"> <a class=\"\" href=\"https:\/\/mibarbacha.com\/index.php\/about-us\/\"> <span class=\"screen-reader-text\">About Us<\/span> Read More &raquo;<\/a><\/p>\n","protected":false},"author":1,"featured_media":0,"parent":0,"menu_order":0,"comment_status":"closed","ping_status":"closed","template":"","meta":{"site-sidebar-layout":"no-sidebar","site-content-layout":"page-builder","ast-global-header-display":"","ast-banner-title-visibility":"","ast-main-header-display":"","ast-hfb-above-header-display":"","ast-hfb-below-header-display":"","ast-hfb-mobile-header-display":"","site-post-title":"disabled","ast-breadcrumbs-content":"","ast-featured-img":"disabled","footer-sml-layout":"","theme-transparent-header-meta":"enabled","adv-header-id-meta":"","stick-header-meta":"","header-above-stick-meta":"","header-main-stick-meta":"","header-below-stick-meta":""},"_links":{"self":[{"href":"https:\/\/mibarbacha.com\/index.php\/wp-json\/wp\/v2\/pages\/1835"}],"collection":[{"href":"https:\/\/mibarbacha.com\/index.php\/wp-json\/wp\/v2\/pages"}],"about":[{"href":"https:\/\/mibarbacha.com\/index.php\/wp-json\/wp\/v2\/types\/page"}],"author":[{"embeddable":true,"href":"https:\/\/mibarbacha.com\/index.php\/wp-json\/wp\/v2\/users\/1"}],"replies":[{"embeddable":true,"href":"https:\/\/mibarbacha.com\/index.php\/wp-json\/wp\/v2\/comments?post=1835"}],"version-history":[{"count":4,"href":"https:\/\/mibarbacha.com\/index.php\/wp-json\/wp\/v2\/pages\/1835\/revisions"}],"predecessor-version":[{"id":1901,"href":"https:\/\/mibarbacha.com\/index.php\/wp-json\/wp\/v2\/pages\/1835\/revisions\/1901"}],"wp:attachment":[{"href":"https:\/\/mibarbacha.com\/index.php\/wp-json\/wp\/v2\/media?parent=1835"}],"curies":[{"name":"wp","href":"https:\/\/api.w.org\/{rel}","templated":true}]}}